or of j and 14.
7
Let x(d) = -4*d + 16. Let i be x(-6). Suppose -3*p - 4*z = -p - 86, -p + z = -i. Suppose -3*l + 16 = -p. What is the highest common divisor of l and 209?
19
Let p = 51 - 29. Let s = 20411 - 20409. Calculate the highest common divisor of p and s.
2
Suppose 5*f - 188 = 3*h, 4*h - 4*f = f - 244. Let x = h - -88. Let w = -18 + x. Calculate the greatest common factor of 7 and w.
7
Let m = -43 - -50. Let s(b) = 2*b - 9. Let a be s(5). What is the highest common divisor of a and m?
1
Let k be (10 - 12)/((-2)/16). Suppose 16*n - 160 = k. Let j be (-2)/2 + 10 + 2. Calculate the greatest common divisor of n and j.
11
Let m(j) be the first derivative of -j**4/4 - 16*j**3/3 + 8*j**2 + 17*j + 4. Let d be m(-17). What is the greatest common divisor of d and 17?
17
Let w be (5/15*0)/(-2). Let g(u) = u**2 + 7*u + 8. Let c be g(-6). Suppose 5*i = h - 15, w*h = c*h + 4*i - 72. What is the highest common divisor of 75 and h?
15
Let p = 955 - 861. Calculate the highest common factor of 47 and p.
47
Let u(i) = 35*i**3 - i**2 + i - 1. Let d be (16/(-12))/((-2)/6). Suppose d*o + 2 = 6*o. Let r be u(o). What is the highest common divisor of r and 17?
17
Let c = -28 + 28. Let i be ((-23)/(-7) - 12/42) + c. What is the highest common factor of 33 and i?
3
Suppose 5*p - 4*o + 126 = 0, 3 = 4*o - 7*o. Let m = 34 + p. What is the highest common divisor of 88 and m?
8
Let a = 419 + -115. Calculate the highest common factor of 76 and a.
76
Let f be 433/3 + (-6)/(-9). Let t be (6/9)/((-2)/(-21)). Suppose -82 + 285 = t*p. What is the highest common factor of p and f?
29
Suppose -t = -5*s - 5 + 2, 4*t = 2*s + 12. Suppose t*q = -q + 108. Calculate the greatest common divisor of q and 36.
9
Let z = 45 - 42. Suppose 0 = -w + z*h + 45, -2*w + h + 125 = 2*w. Calculate the highest common factor of w and 24.
6
Let m(p) = -2*p**2 + 23*p - 2. Let r be m(11). Let f be (12/(-4) - 1)*-46. Suppose -5*k + b = -f, 5 + 11 = -4*b. Calculate the highest common factor of k and r.
9
Suppose 7*m + 5 = 33. Suppose -18 - 34 = -2*t. What is the highest common factor of m and t?
2
Suppose 5*d = -0*d + 25, -d = -n - 5. Suppose n = -5*t - 20, 5*c + 0*t - 172 = 3*t. Calculate the greatest common divisor of 4 and c.
4
Let j(u) = 6*u**2 + 2*u - 6. Let v be j(-6). Suppose 5 - 71 = -3*t. What is the greatest common factor of v and t?
22
Suppose -49*b + 68*b - 532 = 0. Calculate the highest common divisor of b and 476.
28
Let u = -33 + 105. Calculate the greatest common divisor of u and 360.
72
Suppose -p + 2*b = -5*p + 12, 3*b = 6. Let z = 20 + -65. Let j be (4/9)/((-10)/z). What is the greatest common divisor of p and j?
2
Let i = -1287 + 1737. What is the highest common factor of 18 and i?
18
Let v = 4 - -26. Suppose -332 = -g + d, 2*d = -7 + 3. Calculate the greatest common factor of v and g.
30
Let f be (-2)/16*(-12 - -6)*196. Suppose 94 + 11 = 5*q. Calculate the greatest common divisor of q and f.
21
Let p(l) = 2*l**2 - 3*l - 1. Let v be p(3). Let g(x) = x**2 + 2 + x + 0*x + 2*x - 4*x**3. Let q be g(-2). Calculate the greatest common divisor of v and q.
8
Let r be (-3)/(-2) - (-3 - 39/2). Let v = 16 + 0. What is the greatest common factor of r and v?
8
Suppose -306 = -4*b - 3*a, 0 = 3*b - 0*b + 2*a - 230. Let u be (28/(-8) - 3)*-2. What is the greatest common divisor of b and u?
13
Let v(r) = -r**2 + 6*r - 3. Let s be v(5). Suppose -s*m + 8 + 0 = 0. Let f be 54/(-1)*((-90)/27)/5. What is the greatest common divisor of m and f?
4
Let x = -3 + 2. Let t be (11 - 12) + (-3)/x. Calculate the highest common divisor of t and 2.
2
Let a be -1 + 64/4 + -2. Let z be (-191)/(4 + -2 - 3). Let h = -87 + z. What is the highest common divisor of h and a?
13
Let g = 32 + -10. What is the greatest common factor of 242 and g?
22
Let m(x) = 0*x + 14 + 13*x + 12*x**2 - 6*x**3 + 7*x**3 + 3*x**2. Let s be m(-14). What is the highest common factor of s and 42?
14
Let w(v) = v**2 - 24*v - 207. Let s be w(31). What is the greatest common divisor of 15 and s?
5
Let a be (-121 + -2)*(110/(-15) - -3). Calculate the greatest common factor of 41 and a.
41
Suppose 16 = -3*m + 5*m. Suppose 13*u = m*u + 65. Suppose c = 2*l - 23, 0*l + c = l - 10. Calculate the highest common divisor of u and l.
13
Suppose 4*z - 51 - 17 = 0. Suppose 4*m - 4*p + z = 5, -2*p = m - 6. Let d(y) = -y**3 + y + 23. Let u be d(m). What is the greatest common divisor of 92 and u?
23
Suppose 2*z + 0*x + 2*x = 20, 0 = -z + x. Let m = -2 + z. Suppose r + 3*r + 3*t = 13, r = -m*t + 1. Calculate the greatest common factor of r and 2.
2
Let z be (-9 - -5 - -14)/((-2)/(-30)). What is the greatest common factor of 60 and z?
30
Let c(d) be the third derivative of d**5/60 - 2*d**4/3 - 31*d**3/6 - 41*d**2. Let w be c(18). Calculate the greatest common factor of 4 and w.
1
Let f = 23 - 23. Let g be f + (0 - -1) + -1. Suppose -4*q = 12, g = 3*v - 5*v - q + 327. Calculate the highest common divisor of v and 15.
15
Let p = -617 - -662. What is the highest common divisor of p and 1485?
45
Let s = -451 - -651. Suppose 2*i = -0*i + 56. Let w = 53 - i. Calculate the highest common factor of w and s.
25
Let d be (0 - 0)*(0 + -1). Let m be (-1)/(-2)*(42 - d). Let q = -32 + 46. What is the highest common divisor of m and q?
7
Let s = 4593 + -2327. Calculate the highest common factor of 22 and s.
22
Let m be -675*8*3/(-36). Calculate the greatest common factor of m and 108.
18
Let j = -826 + 849. Calculate the greatest common divisor of 161 and j.
23
Let h = 18 + 51. Let o = -3675 + 3721. Calculate the greatest common divisor of h and o.
23
Suppose -15*o = -18*o - 213. Let j = 78 + o. What is the greatest common factor of 56 and j?
7
Let a = 4 - 4. Suppose d - 2*o = 2*o + 47, a = 3*d + 2*o - 113. Let h = d + -18. What is the greatest common factor of h and 189?
21
Let r be 4*6/24 + (101 - -3). Calculate the highest common factor of 165 and r.
15
Suppose -4*u - 20 = 0, 5*u - 14 = -4*c - 3. Let s = c + -6. Suppose t = -3*t - 20, 4*y - s*t - 31 = 0. Calculate the highest common factor of 8 and y.
4
Suppose -2*x - 4 = -2*z, -2*x - 6 = 4*z + x. Suppose z*s = -3*g - s + 420, 5*g + s = 700. Calculate the highest common factor of g and 20.
20
Let p be (-28)/(-6)*(-1 - -7). Suppose -p = -t + 71. What is the greatest common divisor of t and 11?
11
Suppose 0 = 4*k + k + 235. Let v = k + 48. Calculate the highest common factor of v and 1.
1
Let l be -9*(-1)/3*1. Suppose -3*n + f + 14 = 0, 3*n - 8 = n + 2*f. Suppose -710 = -l*b + n*p, -3*p - 2*p = -10. What is the highest common divisor of b and 30?
30
Suppose 21 = 2*y + y. Let x(b) = b**2 - b - 4. Let f be x(5). Suppose f + 54 = 2*u. Calculate the highest common divisor of y and u.
7
Let o(t) = -t**2 + 11*t + 5. Let j be o(11). Let f be (6/j)/((-4)/(-280)). What is the highest common divisor of f and 126?
42
Let p be (-19 - -13)*203/(-2). What is the greatest common divisor of 21 and p?
21
Let q = 6 + 2. Let o(n) = n**3 - 8*n**2 - n + 9. Let f be o(q). Let y be (-24)/(-60)*(-5)/(-2). What is the highest common factor of f and y?
1
Suppose 41 = 2*q + 3*j + 101, -2*q = -4*j + 74. Let y = q + 58. What is the highest common factor of y and 5?
5
Let j(a) = a + 4. Let h be j(-2). Suppose h*o - 241 + 67 = 0. Calculate the highest common factor of o and 29.
29
Let r = 11 + -7. Let k(o) = 6*o**2 - 9. Let i be k(-3). Suppose 3*x - 5*t = 47, r*t = -x + i - 1. Calculate the highest common divisor of x and 60.
12
Suppose -2 = 2*j, -15 = 5*x - 3*j - 3. Let s be (x + 4 - -1) + -88. Let z = s + 158. What is the greatest common divisor of z and 48?
24
Let h = -23 + 28. Let r = -3 + h. What is the greatest common divisor of r and 5?
1
Suppose -3*d = -4*o + 4166, -o - 2086 = -3*o + 3*d. What is the highest common factor of o and 240?
80
Let u(i) = 5*i**2 + 5*i - 3. Let l be u(-4). Suppose l*y - 58*y + 24 = 0. Calculate the greatest common divisor of y and 48.
24
Suppose 2*t = 5*y + 62, -16*y + 13*y + 42 = t. Calculate the highest common divisor of 48 and t.
12
Let p be 1/(((-54)/(-1254))/9). Calculate the greatest common divisor of 22 and p.
11
Let p = -2304 + 3723. What is the highest common factor of 11 and p?
11
Let d be ((-9)/(-12) - (-946)/8) + 6. What is the greatest common divisor of 1375 and d?
125
Let l be (-128)/10*((-6)/4 + -1). Sup